{"id":8,"date":"2024-05-16T15:15:56","date_gmt":"2024-05-16T15:15:56","guid":{"rendered":"https:\/\/freie-rednerin-lara.de\/?page_id=8"},"modified":"2024-05-16T15:46:18","modified_gmt":"2024-05-16T15:46:18","slug":"willkommen","status":"publish","type":"page","link":"https:\/\/freie-rednerin-lara.de\/","title":{"rendered":"Startseite"},"content":{"rendered":"\n<h2 class=\"wp-block-heading\">Gestalte magische Momente mit Lara \u2013 Buche jetzt Deine pers\u00f6nliche Zeremonie!<\/h2>\n\n\n\n<p>Lara, Deine freie Rednerin, bietet ma\u00dfgeschneiderte Dienstleistungen, die jede Zeremonie besonders machen. Mit ihrer Erfahrung in der Gestaltung von emotionalen Reden und Zeremonien f\u00fcr verschiedenste Anl\u00e4sse, von Hochzeiten bis hin zu Abschiedsfeiern, ist sie an Deiner Seite, um Deine besonderen Momente unvergesslich zu machen.<\/p>\n\n\n\n<p>Ihre Leidenschaft und Kreativit\u00e4t erlauben es Lara, tiefe und pers\u00f6nliche Geschichten zu erz\u00e4hlen, die direkt aus dem Herzen kommen. Sie arbeitet eng mit Dir zusammen, um Deine Vision und W\u00fcnsche in jeder Rede zu verwirklichen, immer mit einem hohen Wert auf Authentizit\u00e4t und Individualit\u00e4t.<\/p>\n\n\n\n<p>Ob unter freiem Himmel oder in einer intimen Kapelle \u2013 Lara passt sich jeder Umgebung an und schafft eine Atmosph\u00e4re, die sowohl ber\u00fchrend als auch inspirierend ist. Ihre Reden sind nicht nur Worte; sie sind Erlebnisse, die in Erinnerung bleiben.<\/p>\n\n\n\n<p>F\u00fcr Lara ist jede Zeremonie eine Gelegenheit, etwas Sch\u00f6nes zu erschaffen. Sie freut sich darauf, auch Deine Geschichte zu erz\u00e4hlen und durch ihre Reden eine tiefe Verbindung zwischen allen Anwesenden zu schmieden. Vertraue auf ihre Expertise und erlebe, wie sie Deine besonderen Anl\u00e4sse in unvergessliche Erinnerungen verwandelt.<\/p>\n\n\n\n<p>Buche Lara noch heute, um sicherzustellen, dass Dein n\u00e4chster gro\u00dfer Anlass mit Feingef\u00fchl, Professionalit\u00e4t und pers\u00f6nlicher Note gestaltet wird.<\/p>\n\n\n\n<div class=\"wp-block-cover alignfull is-light has-parallax\"><span aria-hidden=\"true\" class=\"wp-block-cover__background has-background-dim\" style=\"background-color:#a28f75\"><\/span><div class=\"wp-block-cover__image-background wp-image-44 has-parallax\" style=\"background-position:50% 50%;background-image:url(https:\/\/freie-rednerin-lara.de\/wp-content\/uploads\/2024\/05\/Screenshot-2024-05-16-173731.png)\"><\/div><div class=\"wp-block-cover__inner-container is-layout-constrained wp-block-cover-is-layout-constrained\">\n<p class=\"has-text-align-center has-large-font-size\"><\/p>\n<\/div><\/div>\n\n\n\n<div class=\"wp-block-group alignfull has-background-color has-primary-background-color has-text-color has-background has-link-color wp-elements-9f5822ee5c2ed942ea71da729e871f3a is-layout-flow wp-block-group-is-layout-flow\" style=\"padding-top:var(--wp--custom--spacing--large, 8rem);padding-bottom:var(--wp--custom--spacing--large, 8rem)\">\n<div class=\"wp-block-group alignfull is-layout-constrained wp-block-group-is-layout-constrained\">\n<h2 class=\"wp-block-heading alignwide\" style=\"margin-bottom:2rem;font-size:clamp(3.25rem, 8vw, 6.25rem);line-height:1.15\"><em>Referenzen<\/em><\/h2>\n\n\n\n<div style=\"height:32px\" aria-hidden=\"true\" class=\"wp-block-spacer\"><\/div>\n\n\n\n<hr class=\"wp-block-separator has-text-color has-background-color has-css-opacity has-background-background-color has-background alignwide is-style-wide\"\/>\n\n\n\n<div class=\"wp-block-columns alignwide are-vertically-aligned-center is-layout-flex wp-container-core-columns-is-layout-28f84493 wp-block-columns-is-layout-flex\">\n<div class=\"wp-block-column is-vertically-aligned-center is-layout-flow wp-block-column-is-layout-flow\" style=\"flex-basis:210px\">\n<p>14. Mai 2022, 18:00<\/p>\n<\/div>\n\n\n\n<div class=\"wp-block-column is-vertically-aligned-center is-layout-flow wp-block-column-is-layout-flow\">\n<h2 class=\"wp-block-heading has-x-large-font-size\" id=\"jesus-rodriguez\">Jes\u00fas Rodriguez<\/h2>\n<\/div>\n\n\n\n<div class=\"wp-block-column is-vertically-aligned-center is-layout-flow wp-block-column-is-layout-flow\">\n<p>The Vintag\u00e9 Theater<br>245 Arden Rd.<br>Gardenville, New Hampshire<\/p>\n<\/div>\n<\/div>\n\n\n\n<hr class=\"wp-block-separator has-text-color has-background-color has-css-opacity has-background-background-color has-background alignwide is-style-wide\"\/>\n\n\n\n<div class=\"wp-block-columns alignwide are-vertically-aligned-center is-layout-flex wp-container-core-columns-is-layout-28f84493 wp-block-columns-is-layout-flex\">\n<div class=\"wp-block-column is-vertically-aligned-center is-layout-flow wp-block-column-is-layout-flow\" style=\"flex-basis:210px\">\n<p>16. Mai 2022, 18:00<\/p>\n<\/div>\n\n\n\n<div class=\"wp-block-column is-vertically-aligned-center is-layout-flow wp-block-column-is-layout-flow\">\n<h2 class=\"wp-block-heading has-x-large-font-size\" id=\"jesus-rodriguez\">Doug Stilton<\/h2>\n<\/div>\n\n\n\n<div class=\"wp-block-column is-vertically-aligned-center is-layout-flow wp-block-column-is-layout-flow\">\n<p>The Swell Theater<br>120 River Rd.<br>Rainfall, New Hampshire<\/p>\n<\/div>\n<\/div>\n\n\n\n<hr class=\"wp-block-separator has-text-color has-background-color has-css-opacity has-background-background-color has-background alignwide is-style-wide\"\/>\n\n\n\n<div class=\"wp-block-columns alignwide are-vertically-aligned-center is-layout-flex wp-container-core-columns-is-layout-28f84493 wp-block-columns-is-layout-flex\">\n<div class=\"wp-block-column is-vertically-aligned-center is-layout-flow wp-block-column-is-layout-flow\" style=\"flex-basis:210px\">\n<p>18. Mai 2022, 19:00<\/p>\n<\/div>\n\n\n\n<div class=\"wp-block-column is-vertically-aligned-center is-layout-flow wp-block-column-is-layout-flow\">\n<h2 class=\"wp-block-heading has-x-large-font-size\" id=\"jesus-rodriguez\">Amy Jensen<\/h2>\n<\/div>\n\n\n\n<div class=\"wp-block-column is-vertically-aligned-center is-layout-flow wp-block-column-is-layout-flow\">\n<p>The Vintag\u00e9 Theater<br>245 Arden Rd.<br>Gardenville, New Hampshire<\/p>\n<\/div>\n<\/div>\n\n\n\n<hr class=\"wp-block-separator has-text-color has-background-color has-css-opacity has-background-background-color has-background alignwide is-style-wide\"\/>\n\n\n\n<div class=\"wp-block-columns alignwide are-vertically-aligned-center is-layout-flex wp-container-core-columns-is-layout-28f84493 wp-block-columns-is-layout-flex\">\n<div class=\"wp-block-column is-vertically-aligned-center is-layout-flow wp-block-column-is-layout-flow\" style=\"flex-basis:210px\">\n<p>20. Mai 2022, 18:00<\/p>\n<\/div>\n\n\n\n<div class=\"wp-block-column is-vertically-aligned-center is-layout-flow wp-block-column-is-layout-flow\">\n<h2 class=\"wp-block-heading has-x-large-font-size\" id=\"jesus-rodriguez\">Emery Driscoll<\/h2>\n<\/div>\n\n\n\n<div class=\"wp-block-column is-vertically-aligned-center is-layout-flow wp-block-column-is-layout-flow\">\n<p>The Swell Theater<br>120 River Rd.<br>Rainfall, New Hampshire<\/p>\n<\/div>\n<\/div>\n\n\n\n<hr class=\"wp-block-separator has-text-color has-background-color has-css-opacity has-background-background-color has-background alignwide is-style-wide\"\/>\n\n\n\n<div style=\"height:32px\" aria-hidden=\"true\" class=\"wp-block-spacer\"><\/div>\n<\/div>\n<\/div>\n","protected":false},"excerpt":{"rendered":"<p>Gestalte magische Momente mit Lara \u2013 Buche jetzt Deine pers\u00f6nliche Zeremonie! Lara, Deine freie Rednerin, bietet ma\u00dfgeschneiderte Dienstleistungen, die jede Zeremonie besonders machen. Mit ihrer Erfahrung in der Gestaltung von emotionalen Reden und Zeremonien f\u00fcr verschiedenste Anl\u00e4sse, von Hochzeiten bis hin zu Abschiedsfeiern, ist sie an Deiner Seite, um Deine besonderen Momente unvergesslich zu machen. [&hellip;]<\/p>\n","protected":false},"author":1,"featured_media":60,"parent":0,"menu_order":1,"comment_status":"closed","ping_status":"closed","template":"","meta":{"footnotes":""},"class_list":["post-8","page","type-page","status-publish","has-post-thumbnail","hentry"],"yoast_head":"<!-- This site is optimized with the Yoast SEO plugin v27.4 - https:\/\/yoast.com\/product\/yoast-seo-wordpress\/ -->\n<title>Freie Rednerin Lara \u2013 Deine Zeremonie, Deine Geschichte<\/title>\n<meta name=\"description\" content=\"Erlebe mit Lara unvergessliche Momente. Als freie Rednerin gestaltet sie Deine Hochzeit, Trauerfeier oder jeden besonderen Anlass ganz pers\u00f6nlich und emotional.\" \/>\n<meta name=\"robots\" content=\"noindex, follow, max-snippet:-1, max-image-preview:large, max-video-preview:-1\" \/>\n<meta property=\"og:locale\" content=\"de_DE\" \/>\n<meta property=\"og:type\" content=\"article\" \/>\n<meta property=\"og:title\" content=\"Freie Rednerin Lara \u2013 Deine Zeremonie, Deine Geschichte\" \/>\n<meta property=\"og:description\" content=\"Erlebe mit Lara unvergessliche Momente. Als freie Rednerin gestaltet sie Deine Hochzeit, Trauerfeier oder jeden besonderen Anlass ganz pers\u00f6nlich und emotional.\" \/>\n<meta property=\"og:url\" content=\"https:\/\/freie-rednerin-lara.de\/\" \/>\n<meta property=\"og:site_name\" content=\"Freie Rednerin Lara\" \/>\n<meta property=\"article:modified_time\" content=\"2024-05-16T15:46:18+00:00\" \/>\n<meta property=\"og:image\" content=\"https:\/\/freie-rednerin-lara.de\/wp-content\/uploads\/2024\/05\/Screenshot-2024-05-16-174439-2.png\" \/>\n\t<meta property=\"og:image:width\" content=\"685\" \/>\n\t<meta property=\"og:image:height\" content=\"266\" \/>\n\t<meta property=\"og:image:type\" content=\"image\/png\" \/>\n<meta name=\"twitter:card\" content=\"summary_large_image\" \/>\n<meta name=\"twitter:label1\" content=\"Gesch\u00e4tzte Lesezeit\" \/>\n\t<meta name=\"twitter:data1\" content=\"2\u00a0Minuten\" \/>\n<script type=\"application\/ld+json\" class=\"yoast-schema-graph\">{\"@context\":\"https:\\\/\\\/schema.org\",\"@graph\":[{\"@type\":\"WebPage\",\"@id\":\"https:\\\/\\\/freie-rednerin-lara.de\\\/\",\"url\":\"https:\\\/\\\/freie-rednerin-lara.de\\\/\",\"name\":\"Freie Rednerin Lara \u2013 Deine Zeremonie, Deine Geschichte\",\"isPartOf\":{\"@id\":\"https:\\\/\\\/freie-rednerin-lara.de\\\/#website\"},\"primaryImageOfPage\":{\"@id\":\"https:\\\/\\\/freie-rednerin-lara.de\\\/#primaryimage\"},\"image\":{\"@id\":\"https:\\\/\\\/freie-rednerin-lara.de\\\/#primaryimage\"},\"thumbnailUrl\":\"https:\\\/\\\/freie-rednerin-lara.de\\\/wp-content\\\/uploads\\\/2024\\\/05\\\/Screenshot-2024-05-16-174439-1.png\",\"datePublished\":\"2024-05-16T15:15:56+00:00\",\"dateModified\":\"2024-05-16T15:46:18+00:00\",\"description\":\"Erlebe mit Lara unvergessliche Momente. Als freie Rednerin gestaltet sie Deine Hochzeit, Trauerfeier oder jeden besonderen Anlass ganz pers\u00f6nlich und emotional.\",\"breadcrumb\":{\"@id\":\"https:\\\/\\\/freie-rednerin-lara.de\\\/#breadcrumb\"},\"inLanguage\":\"de\",\"potentialAction\":[{\"@type\":\"ReadAction\",\"target\":[\"https:\\\/\\\/freie-rednerin-lara.de\\\/\"]}]},{\"@type\":\"ImageObject\",\"inLanguage\":\"de\",\"@id\":\"https:\\\/\\\/freie-rednerin-lara.de\\\/#primaryimage\",\"url\":\"https:\\\/\\\/freie-rednerin-lara.de\\\/wp-content\\\/uploads\\\/2024\\\/05\\\/Screenshot-2024-05-16-174439-1.png\",\"contentUrl\":\"https:\\\/\\\/freie-rednerin-lara.de\\\/wp-content\\\/uploads\\\/2024\\\/05\\\/Screenshot-2024-05-16-174439-1.png\",\"width\":685,\"height\":266},{\"@type\":\"BreadcrumbList\",\"@id\":\"https:\\\/\\\/freie-rednerin-lara.de\\\/#breadcrumb\",\"itemListElement\":[{\"@type\":\"ListItem\",\"position\":1,\"name\":\"Startseite\",\"item\":\"https:\\\/\\\/freie-rednerin-lara.de\\\/\"},{\"@type\":\"ListItem\",\"position\":2,\"name\":\"Startseite\"}]},{\"@type\":\"WebSite\",\"@id\":\"https:\\\/\\\/freie-rednerin-lara.de\\\/#website\",\"url\":\"https:\\\/\\\/freie-rednerin-lara.de\\\/\",\"name\":\"Freie Rednerin Lara\",\"description\":\"Deine Zeremonie, Deine Geschichte\",\"potentialAction\":[{\"@type\":\"SearchAction\",\"target\":{\"@type\":\"EntryPoint\",\"urlTemplate\":\"https:\\\/\\\/freie-rednerin-lara.de\\\/?s={search_term_string}\"},\"query-input\":{\"@type\":\"PropertyValueSpecification\",\"valueRequired\":true,\"valueName\":\"search_term_string\"}}],\"inLanguage\":\"de\"}]}<\/script>\n<!-- \/ Yoast SEO plugin. -->","yoast_head_json":{"title":"Freie Rednerin Lara \u2013 Deine Zeremonie, Deine Geschichte","description":"Erlebe mit Lara unvergessliche Momente. Als freie Rednerin gestaltet sie Deine Hochzeit, Trauerfeier oder jeden besonderen Anlass ganz pers\u00f6nlich und emotional.","robots":{"index":"noindex","follow":"follow","max-snippet":"max-snippet:-1","max-image-preview":"max-image-preview:large","max-video-preview":"max-video-preview:-1"},"og_locale":"de_DE","og_type":"article","og_title":"Freie Rednerin Lara \u2013 Deine Zeremonie, Deine Geschichte","og_description":"Erlebe mit Lara unvergessliche Momente. Als freie Rednerin gestaltet sie Deine Hochzeit, Trauerfeier oder jeden besonderen Anlass ganz pers\u00f6nlich und emotional.","og_url":"https:\/\/freie-rednerin-lara.de\/","og_site_name":"Freie Rednerin Lara","article_modified_time":"2024-05-16T15:46:18+00:00","og_image":[{"width":685,"height":266,"url":"https:\/\/freie-rednerin-lara.de\/wp-content\/uploads\/2024\/05\/Screenshot-2024-05-16-174439-2.png","type":"image\/png"}],"twitter_card":"summary_large_image","twitter_misc":{"Gesch\u00e4tzte Lesezeit":"2\u00a0Minuten"},"schema":{"@context":"https:\/\/schema.org","@graph":[{"@type":"WebPage","@id":"https:\/\/freie-rednerin-lara.de\/","url":"https:\/\/freie-rednerin-lara.de\/","name":"Freie Rednerin Lara \u2013 Deine Zeremonie, Deine Geschichte","isPartOf":{"@id":"https:\/\/freie-rednerin-lara.de\/#website"},"primaryImageOfPage":{"@id":"https:\/\/freie-rednerin-lara.de\/#primaryimage"},"image":{"@id":"https:\/\/freie-rednerin-lara.de\/#primaryimage"},"thumbnailUrl":"https:\/\/freie-rednerin-lara.de\/wp-content\/uploads\/2024\/05\/Screenshot-2024-05-16-174439-1.png","datePublished":"2024-05-16T15:15:56+00:00","dateModified":"2024-05-16T15:46:18+00:00","description":"Erlebe mit Lara unvergessliche Momente. Als freie Rednerin gestaltet sie Deine Hochzeit, Trauerfeier oder jeden besonderen Anlass ganz pers\u00f6nlich und emotional.","breadcrumb":{"@id":"https:\/\/freie-rednerin-lara.de\/#breadcrumb"},"inLanguage":"de","potentialAction":[{"@type":"ReadAction","target":["https:\/\/freie-rednerin-lara.de\/"]}]},{"@type":"ImageObject","inLanguage":"de","@id":"https:\/\/freie-rednerin-lara.de\/#primaryimage","url":"https:\/\/freie-rednerin-lara.de\/wp-content\/uploads\/2024\/05\/Screenshot-2024-05-16-174439-1.png","contentUrl":"https:\/\/freie-rednerin-lara.de\/wp-content\/uploads\/2024\/05\/Screenshot-2024-05-16-174439-1.png","width":685,"height":266},{"@type":"BreadcrumbList","@id":"https:\/\/freie-rednerin-lara.de\/#breadcrumb","itemListElement":[{"@type":"ListItem","position":1,"name":"Startseite","item":"https:\/\/freie-rednerin-lara.de\/"},{"@type":"ListItem","position":2,"name":"Startseite"}]},{"@type":"WebSite","@id":"https:\/\/freie-rednerin-lara.de\/#website","url":"https:\/\/freie-rednerin-lara.de\/","name":"Freie Rednerin Lara","description":"Deine Zeremonie, Deine Geschichte","potentialAction":[{"@type":"SearchAction","target":{"@type":"EntryPoint","urlTemplate":"https:\/\/freie-rednerin-lara.de\/?s={search_term_string}"},"query-input":{"@type":"PropertyValueSpecification","valueRequired":true,"valueName":"search_term_string"}}],"inLanguage":"de"}]}},"_links":{"self":[{"href":"https:\/\/freie-rednerin-lara.de\/index.php\/wp-json\/wp\/v2\/pages\/8","targetHints":{"allow":["GET"]}}],"collection":[{"href":"https:\/\/freie-rednerin-lara.de\/index.php\/wp-json\/wp\/v2\/pages"}],"about":[{"href":"https:\/\/freie-rednerin-lara.de\/index.php\/wp-json\/wp\/v2\/types\/page"}],"author":[{"embeddable":true,"href":"https:\/\/freie-rednerin-lara.de\/index.php\/wp-json\/wp\/v2\/users\/1"}],"replies":[{"embeddable":true,"href":"https:\/\/freie-rednerin-lara.de\/index.php\/wp-json\/wp\/v2\/comments?post=8"}],"version-history":[{"count":9,"href":"https:\/\/freie-rednerin-lara.de\/index.php\/wp-json\/wp\/v2\/pages\/8\/revisions"}],"predecessor-version":[{"id":55,"href":"https:\/\/freie-rednerin-lara.de\/index.php\/wp-json\/wp\/v2\/pages\/8\/revisions\/55"}],"wp:featuredmedia":[{"embeddable":true,"href":"https:\/\/freie-rednerin-lara.de\/index.php\/wp-json\/wp\/v2\/media\/60"}],"wp:attachment":[{"href":"https:\/\/freie-rednerin-lara.de\/index.php\/wp-json\/wp\/v2\/media?parent=8"}],"curies":[{"name":"wp","href":"https:\/\/api.w.org\/{rel}","templated":true}]}}